{"id":2,"date":"2026-01-31T10:14:11","date_gmt":"2026-01-31T10:14:11","guid":{"rendered":"http:\/\/mctravaux.fr\/?page_id=2"},"modified":"2026-03-19T07:42:40","modified_gmt":"2026-03-19T07:42:40","slug":"sample-page","status":"publish","type":"page","link":"https:\/\/mctravaux.fr\/","title":{"rendered":"ACCUEIL"},"content":{"rendered":"\n<hr class=\"wp-block-separator has-alpha-channel-opacity\" style=\"height:4px;--eccp-separatorSize:5\"\/>\n\n\n\n<p><strong><a href=\"https:\/\/mctravaux.fr\/index.php\/voici-une-version-plus-commerciale-plus-engageante-et-orientee-resultat-avec-paiement-conditionne\/\" data-type=\"page\" data-id=\"125\">D\u00e9clarations pr\u00e9alables de travaux<\/a><\/strong><br><\/p>\n\n\n\n<div class=\"wp-block-media-text is-stacked-on-mobile\"><figure class=\"wp-block-media-text__media\"><img alt=\"\" loading=\"lazy\" decoding=\"async\" width=\"875\" height=\"646\" src=\"https:\/\/mctravaux.fr\/wp-content\/uploads\/2026\/03\/image-archi-plus-dp-3.png\" alt=\"\" class=\"wp-image-186 size-full\" srcset=\"https:\/\/mctravaux.fr\/wp-content\/uploads\/2026\/03\/image-archi-plus-dp-3.png 875w, https:\/\/mctravaux.fr\/wp-content\/uploads\/2026\/03\/image-archi-plus-dp-3-300x221.png 300w, https:\/\/mctravaux.fr\/wp-content\/uploads\/2026\/03\/image-archi-plus-dp-3-768x567.png 768w\" sizes=\"auto, (max-width: 875px) 100vw, 875px\" \/><\/figure><div class=\"wp-block-media-text__content\">\n<p>Nous vous accompagnons dans la constitution et le d\u00e9p\u00f4t de votre d\u00e9claration pr\u00e9alable de travaux afin de garantir un dossier complet, conforme aux r\u00e8gles d\u2019urbanisme en vigueur. De l\u2019analyse du PLU \u00e0 la pr\u00e9paration des pi\u00e8ces administratives et graphiques, nous s\u00e9curisons votre projet et r\u00e9duisons les risques de refus ou de retard.<\/p>\n<\/div><\/div>\n\n\n\n<hr class=\"wp-block-separator has-alpha-channel-opacity\" style=\"height:4px;--eccp-separatorSize:5\"\/>\n\n\n\n<p><strong><a href=\"https:\/\/mctravaux.fr\/index.php\/courtage-en-travaux\/\" data-type=\"page\" data-id=\"239\">Courtage en travaux<\/a><\/strong><br><\/p>\n\n\n\n<div class=\"wp-block-media-text has-media-on-the-right is-stacked-on-mobile\"><div class=\"wp-block-media-text__content\">\n<p>Une fois votre autorisation obtenue, nous vous aidons \u00e0 trouver les artisans les plus adapt\u00e9s \u00e0 votre projet. Gr\u00e2ce \u00e0 notre r\u00e9seau d\u2019entreprises qualifi\u00e9es, nous analysons les devis, facilitons la comparaison et vous accompagnons jusqu\u2019au lancement des travaux, en toute transparence et s\u00e9r\u00e9nit\u00e9.<\/p>\n<\/div><figure class=\"wp-block-media-text__media\"><img alt=\"\" loading=\"lazy\" decoding=\"async\" width=\"1024\" height=\"572\" src=\"https:\/\/mctravaux.fr\/wp-content\/uploads\/2026\/03\/024c0b5e-c4e1-4140-bb1c-8407c76a372e-1024x572.png\" alt=\"\" class=\"wp-image-185 size-full\" srcset=\"https:\/\/mctravaux.fr\/wp-content\/uploads\/2026\/03\/024c0b5e-c4e1-4140-bb1c-8407c76a372e-1024x572.png 1024w, https:\/\/mctravaux.fr\/wp-content\/uploads\/2026\/03\/024c0b5e-c4e1-4140-bb1c-8407c76a372e-300x167.png 300w, https:\/\/mctravaux.fr\/wp-content\/uploads\/2026\/03\/024c0b5e-c4e1-4140-bb1c-8407c76a372e-768x429.png 768w, https:\/\/mctravaux.fr\/wp-content\/uploads\/2026\/03\/024c0b5e-c4e1-4140-bb1c-8407c76a372e.png 1376w\" sizes=\"auto, (max-width: 1024px) 100vw, 1024px\" \/><\/figure><\/div>\n\n\n\n<hr class=\"wp-block-separator has-alpha-channel-opacity is-style-default\" style=\"height:4px;--eccp-separatorSize:5\"\/>\n\n\n\n<p><\/p>\n\n\n\n<p><\/p>\n","protected":false},"excerpt":{"rendered":"<p>D\u00e9clarations pr\u00e9alables de travaux Nous vous accompagnons dans la constitution et le d\u00e9p\u00f4t de votre d\u00e9claration pr\u00e9alable de travaux afin de garantir un dossier complet, conforme aux r\u00e8gles d\u2019urbanisme en vigueur.<br \/> De l\u2019analyse du PLU \u00e0 la pr\u00e9paration des pi\u00e8ces[\u2026]<\/p>\n","protected":false},"author":1,"featured_media":0,"parent":0,"menu_order":0,"comment_status":"closed","ping_status":"open","template":"","meta":{"_seopress_robots_primary_cat":"","_seopress_titles_title":"","_seopress_titles_desc":"","_seopress_robots_index":"","remove_blocks_before_content":false,"remove_blocks_after_content":false,"disable_reading_progress_bar":false,"footnotes":""},"class_list":["post-2","page","type-page","status-publish","hentry"],"_links":{"self":[{"href":"https:\/\/mctravaux.fr\/index.php\/wp-json\/wp\/v2\/pages\/2","targetHints":{"allow":["GET"]}}],"collection":[{"href":"https:\/\/mctravaux.fr\/index.php\/wp-json\/wp\/v2\/pages"}],"about":[{"href":"https:\/\/mctravaux.fr\/index.php\/wp-json\/wp\/v2\/types\/page"}],"author":[{"embeddable":true,"href":"https:\/\/mctravaux.fr\/index.php\/wp-json\/wp\/v2\/users\/1"}],"replies":[{"embeddable":true,"href":"https:\/\/mctravaux.fr\/index.php\/wp-json\/wp\/v2\/comments?post=2"}],"version-history":[{"count":20,"href":"https:\/\/mctravaux.fr\/index.php\/wp-json\/wp\/v2\/pages\/2\/revisions"}],"predecessor-version":[{"id":339,"href":"https:\/\/mctravaux.fr\/index.php\/wp-json\/wp\/v2\/pages\/2\/revisions\/339"}],"wp:attachment":[{"href":"https:\/\/mctravaux.fr\/index.php\/wp-json\/wp\/v2\/media?parent=2"}],"curies":[{"name":"wp","href":"https:\/\/api.w.org\/{rel}","templated":true}]}}