{"id":239,"date":"2026-03-09T08:46:32","date_gmt":"2026-03-09T08:46:32","guid":{"rendered":"https:\/\/mctravaux.fr\/?page_id=239"},"modified":"2026-03-19T07:44:57","modified_gmt":"2026-03-19T07:44:57","slug":"courtage-en-travaux","status":"publish","type":"page","link":"https:\/\/mctravaux.fr\/index.php\/courtage-en-travaux\/","title":{"rendered":"Courtage en travaux"},"content":{"rendered":"\n<p><\/p>\n\n\n\n<h2 class=\"wp-block-heading\" id=\"confiez-nous-votre-projet\">CONFIEZ-NOUS VOTRE PROJET,<\/h2>\n\n\n\n<h2 class=\"wp-block-heading has-text-align-center\" id=\"cest-simple-et-100-gratuit\">C\u2019EST SIMPLE ET 100 % GRATUIT !<\/h2>\n\n\n\n<hr class=\"wp-block-separator has-alpha-channel-opacity\" style=\"height:4px;--eccp-separatorSize:5\"\/>\n\n\n\n<hr class=\"wp-block-separator has-alpha-channel-opacity\" style=\"height:4px;--eccp-separatorSize:5\"\/>\n\n\n<div class=\"wp-block-image\">\n<figure class=\"alignright size-medium\"><img alt=\"\" loading=\"lazy\" decoding=\"async\" width=\"300\" height=\"205\" src=\"https:\/\/mctravaux.fr\/wp-content\/uploads\/2026\/03\/famille-autour-dun-plan-ovale-8-300x205.png\" alt=\"\" class=\"wp-image-279\" srcset=\"https:\/\/mctravaux.fr\/wp-content\/uploads\/2026\/03\/famille-autour-dun-plan-ovale-8-300x205.png 300w, https:\/\/mctravaux.fr\/wp-content\/uploads\/2026\/03\/famille-autour-dun-plan-ovale-8-1024x698.png 1024w, https:\/\/mctravaux.fr\/wp-content\/uploads\/2026\/03\/famille-autour-dun-plan-ovale-8-768x524.png 768w, https:\/\/mctravaux.fr\/wp-content\/uploads\/2026\/03\/famille-autour-dun-plan-ovale-8.png 1500w\" sizes=\"auto, (max-width: 300px) 100vw, 300px\" \/><\/figure>\n<\/div>\n\n\n<p><strong>1. Premier contact<\/strong><br>Contactez-nous par t\u00e9l\u00e9phone ou via notre site <strong>mctravaux.fr<\/strong>.<br><strong>1.Nous \u00e9tudions rapidement votre demande de contact ou de devis.<\/strong><br><strong>2. Rendez-vous sur votre chantier.<\/strong> <br> Nous vous rappelons dans les plus brefs d\u00e9lais pour fixer un rendez-vous sur place.<br>Ensemble, nous analysons vos besoins et vos attentes. <br><strong>3. Analyse &amp; chiffrage <\/strong><br>Nos artisans partenaires r\u00e9alisent les m\u00e9tr\u00e9s et \u00e9tablissent un chiffrage pr\u00e9cis de vos travaux.<br><strong>4. Pr\u00e9sentation des devis &amp; solutions techniques. <\/strong><br>Nous vous pr\u00e9sentons un ou plusieurs devis comp\u00e9titifs et adapt\u00e9s \u00e0 votre projet.<br>Vous restez totalement libre de choisir l\u2019offre qui vous convient.<\/p>\n\n\n\n<h2 class=\"wp-block-heading\" id=\"un-gain-de-temps-et-dargent\"><strong>Un gain de temps et d\u2019argent<\/strong><\/h2>\n\n\n\n<p class=\"has-text-align-center\"><strong>Un service enti\u00e8rement gratuit et sans engagement<\/strong><\/p>\n\n\n<div class=\"wp-block-image\">\n<figure class=\"alignleft size-medium is-resized\"><img alt=\"\" loading=\"lazy\" decoding=\"async\" width=\"300\" height=\"200\" src=\"https:\/\/mctravaux.fr\/wp-content\/uploads\/2026\/03\/gain-de-temps-gain-dargent-1-300x200.png\" alt=\"\" class=\"wp-image-302\" style=\"aspect-ratio:1.5000000338582604;width:295px;height:auto\" srcset=\"https:\/\/mctravaux.fr\/wp-content\/uploads\/2026\/03\/gain-de-temps-gain-dargent-1-300x200.png 300w, https:\/\/mctravaux.fr\/wp-content\/uploads\/2026\/03\/gain-de-temps-gain-dargent-1-1024x683.png 1024w, https:\/\/mctravaux.fr\/wp-content\/uploads\/2026\/03\/gain-de-temps-gain-dargent-1-768x512.png 768w, https:\/\/mctravaux.fr\/wp-content\/uploads\/2026\/03\/gain-de-temps-gain-dargent-1.png 1536w\" sizes=\"auto, (max-width: 300px) 100vw, 300px\" \/><\/figure>\n<\/div>\n\n\n<p class=\"has-eccp-large-font-size\"><strong>Particulier ou professionnel, vous avez un projet de :<\/strong><br>&#8211; R\u00e9novation d\u2019appartement. <br>&#8211; Extension ou agrandissement. <br>&#8211; Am\u00e9nagement et agencement int\u00e9rieur<br><strong>MCTravaux s\u00e9lectionne pour vous des artisans qualifi\u00e9s et r\u00e9f\u00e9renc\u00e9s.<\/strong><br>Nous centralisons les d\u00e9marches, analysons les devis et vous accompagnons dans vos choix, quel que soit le corps de m\u00e9tier concern\u00e9. <br>Nous ne sommes pas ma\u00eetre d\u2019\u0153uvre, mais nous pouvons vous en recommander un si n\u00e9cessaire.<br><strong>Notre mission : <\/strong><br>vous accompagner jusqu\u2019\u00e0 la signature des devis <br>Rester \u00e0 votre \u00e9coute \u00e0 chaque \u00e9tape de votre chantier.<\/p>\n\n\n\n<h1 class=\"wp-block-heading\">MCTravaux, c\u2019est :<\/h1>\n\n\n\n<p>\u2714 Un interlocuteur unique<br>\u2714 Des entreprises s\u00e9lectionn\u00e9es et fiables<br>\u2714 Les meilleures propositions qualit\u00e9\/prix<br>\u2714 Un service gratuit et sans engagement<\/p>\n\n\n\n<h1 class=\"wp-block-heading\">GAIN DE TEMPS<\/h1>\n\n\n\n<ul class=\"wp-block-list\">\n<li>Recherche d\u2019artisans comp\u00e9tents, fiables et disponibles<\/li>\n\n\n\n<li>Consultation rapide d\u2019entreprises s\u00e9lectionn\u00e9es<\/li>\n\n\n\n<li>Gestion des d\u00e9marches administratives li\u00e9es aux travaux<\/li>\n\n\n\n<li>Suivi et anticipation des \u00e9ventuels retards<\/li>\n\n\n\n<li>Analyse et n\u00e9gociation des devis<\/li>\n<\/ul>\n\n\n\n<p><strong>Notre service est enti\u00e8rement gratuit pour vous.<\/strong><br>Le courtier est r\u00e9mun\u00e9r\u00e9 par ses partenaires professionnels, qui b\u00e9n\u00e9ficient de frais commerciaux r\u00e9duits et de chantiers cibl\u00e9s et g\u00e9ographiquement proches.<\/p>\n\n\n\n<hr class=\"wp-block-separator has-alpha-channel-opacity\" style=\"height:4px;--eccp-separatorSize:5\"\/>\n\n\n\n<div class=\"wp-block-media-text has-media-on-the-right is-stacked-on-mobile\"><div class=\"wp-block-media-text__content\">\n<h2 class=\"wp-block-heading\" id=\"tranquillite-d-esprit\" id=\"tranquillite-d-esprit\">TRANQUILLIT\u00c9 D&rsquo;ESPRIT<\/h2>\n\n\n\n<p><\/p>\n\n\n\n<p>Gr\u00e2ce \u00e0 un r\u00e9f\u00e9rencement rigoureux de ses partenaires, MCTravaux vous apporte :<\/p>\n\n\n\n<ul class=\"wp-block-list\">\n<li><strong>Garantie technique<\/strong> : comp\u00e9tences v\u00e9rifi\u00e9es et assurance d\u00e9cennale<\/li>\n\n\n\n<li><strong>Garantie sociale<\/strong> : responsabilit\u00e9 civile et professionnelle, cotisations conformes<\/li>\n\n\n\n<li><strong>Garantie financi\u00e8re<\/strong> : \u00e9valuation de la solidit\u00e9 des entreprises et facilit\u00e9s de paiement<\/li>\n<\/ul>\n\n\n\n<p><\/p>\n<\/div><figure class=\"wp-block-media-text__media\"><img alt=\"\" loading=\"lazy\" decoding=\"async\" width=\"683\" height=\"1024\" src=\"https:\/\/mctravaux.fr\/wp-content\/uploads\/2026\/03\/construction-tranquille-1-683x1024.png\" alt=\"\" class=\"wp-image-321 size-full\" srcset=\"https:\/\/mctravaux.fr\/wp-content\/uploads\/2026\/03\/construction-tranquille-1-683x1024.png 683w, https:\/\/mctravaux.fr\/wp-content\/uploads\/2026\/03\/construction-tranquille-1-200x300.png 200w, https:\/\/mctravaux.fr\/wp-content\/uploads\/2026\/03\/construction-tranquille-1-768x1152.png 768w, https:\/\/mctravaux.fr\/wp-content\/uploads\/2026\/03\/construction-tranquille-1.png 1024w\" sizes=\"auto, (max-width: 683px) 100vw, 683px\" \/><\/figure><\/div>\n\n\n\n<p class=\"has-text-align-center\"><strong>Nous vous accompagnons jusqu\u2019\u00e0 la signature de votre devis avec le professionnel choisi.<\/strong><\/p>\n\n\n\n<h2 class=\"wp-block-heading\" id=\"\"><\/h2>\n\n\n\n<p><a href=\"https:\/\/mctravaux.fr\/index.php\/carte-de-visite\/\" data-type=\"page\" data-id=\"208\">\ud83d\udcde Contactez-moi pour une premi\u00e8re analyse gratuite de votre projet.Courtage en travaux<\/a><\/p>\n\n\n\n<p><\/p>\n","protected":false},"excerpt":{"rendered":"<p>CONFIEZ-NOUS VOTRE PROJET, C\u2019EST SIMPLE ET 100 % GRATUIT ! 1.<br \/> Premier contactContactez-nous par t\u00e9l\u00e9phone ou via notre site mctravaux.<br \/>fr.<br \/>1.<br \/>Nous \u00e9tudions rapidement votre demande de contact ou de devis.<br \/>2.<br \/> Rendez-vous sur votre chantier.<br \/> Nous vous rappelons dans les plus brefs[\u2026]<\/p>\n","protected":false},"author":1,"featured_media":0,"parent":0,"menu_order":0,"comment_status":"closed","ping_status":"closed","template":"","meta":{"_seopress_robots_primary_cat":"","_seopress_titles_title":"","_seopress_titles_desc":"","_seopress_robots_index":"","remove_blocks_before_content":false,"remove_blocks_after_content":false,"disable_reading_progress_bar":false,"footnotes":""},"class_list":["post-239","page","type-page","status-publish","hentry"],"_links":{"self":[{"href":"https:\/\/mctravaux.fr\/index.php\/wp-json\/wp\/v2\/pages\/239","targetHints":{"allow":["GET"]}}],"collection":[{"href":"https:\/\/mctravaux.fr\/index.php\/wp-json\/wp\/v2\/pages"}],"about":[{"href":"https:\/\/mctravaux.fr\/index.php\/wp-json\/wp\/v2\/types\/page"}],"author":[{"embeddable":true,"href":"https:\/\/mctravaux.fr\/index.php\/wp-json\/wp\/v2\/users\/1"}],"replies":[{"embeddable":true,"href":"https:\/\/mctravaux.fr\/index.php\/wp-json\/wp\/v2\/comments?post=239"}],"version-history":[{"count":53,"href":"https:\/\/mctravaux.fr\/index.php\/wp-json\/wp\/v2\/pages\/239\/revisions"}],"predecessor-version":[{"id":360,"href":"https:\/\/mctravaux.fr\/index.php\/wp-json\/wp\/v2\/pages\/239\/revisions\/360"}],"wp:attachment":[{"href":"https:\/\/mctravaux.fr\/index.php\/wp-json\/wp\/v2\/media?parent=239"}],"curies":[{"name":"wp","href":"https:\/\/api.w.org\/{rel}","templated":true}]}}